 = 12, q = s - 0*m + 5*m - 163. What is the highest common divisor of s and 370?
74
Let n(a) = 2*a**3 - 9*a**2 - 91*a + 443. Let u be n(4). Let m = 945 + 63. What is the highest common factor of m and u?
63
Suppose -15*l + 1748 + 37 = 0. Let n be ((-3)/(-2))/((-4)/(-136)). Calculate the greatest common factor of n and l.
17
Suppose -10*c + 338 = -0*c - 502. What is the highest common factor of c and 14532?
84
Let x = 39081 - 39007. What is the greatest common divisor of 3589 and x?
37
Let d be ((-795)/60)/(((-8)/20)/((-24)/(-15))). Calculate the greatest common factor of 1537 and d.
53
Let w = 6788 - 6717. What is the greatest common divisor of w and 1?
1
Let c(d) = d + 307. Let z be c(-35). Calculate the greatest common factor of z and 612.
68
Suppose -5*k = -c - 8132, -3*c - 12 = -7*c. Suppose 0 = -5*y - i + k, -y + i + 323 = -0*i. Calculate the greatest common factor of 13 and y.
13
Suppose -5*c + 198 = -97. Let l(y) = -2*y**3 + 15*y**2 - 2*y + 3. Let z be l(7). Let k = c - z. What is the highest common factor of k and 105?
21
Let p(j) = 5*j**3 - 8*j**2 + 41*j + 62. Let m be p(6). Calculate the greatest common divisor of m and 2420.
220
Suppose -3*l + 4*g = -24, 4*g - 2 + 6 = -2*l. Suppose 218 + 504 = l*k - t, 170 = k + 5*t. Suppose h = 6*h - k. Calculate the highest common factor of h and 24.
12
Let w be (0 + (-7)/(-14))*18 - -6. Let d = -1101 - -1971. What is the highest common divisor of d and w?
15
Let l be (18 - 8) + -3 + -3. Suppose -7*w + l*w + 4*s = -1041, 5*w + 3*s = 1706. Calculate the greatest common divisor of 98 and w.
49
Let h(s) = -s**3 - 13*s**2 + 3*s + 42. Let m be h(-13). Suppose -198 = -m*k + 30. Calculate the greatest common divisor of k and 190.
38
Let y = 114 - 112. Suppose c + y*g = 2*c - 521, g + 517 = c. What is the greatest common factor of 57 and c?
57
Let a = -3 - -10. Suppose z = 40 - a. Let g be (-38 + (-1280)/(-34))/(4/(-34)). Calculate the greatest common factor of z and g.
3
Suppose -7*q = -3*q - 408. Let v(p) = 268*p + 1933. Let z be v(-7). Let a = q - z. Calculate the greatest common factor of a and 30.
15
Let v(j) = 7*j + 66. Let h be v(-14). Let d = 38 + h. Calculate the greatest common factor of 42 and d.
6
Let n(u) = 2*u + 1. Let c be n(6). Let l be -1*(-63)/(6 - -1). Let x be -1 + l + -3 + 112. Calculate the highest common factor of c and x.
13
Let o be ((-32)/3 - 114/(-171))*(-18)/4. Calculate the greatest common factor of o and 1089.
9
Suppose 73 = 15*c - 2. Suppose -5*n + a + 352 = -4*n, c*n - 3*a = 1758. Calculate the highest common factor of 13 and n.
13
Let f be -9*39/(-72) + 2/(-48)*-3. Suppose -2*v + 172 = a, 3*a + 2 = 4*a. Calculate the highest common divisor of f and v.
5
Let t = 5 + 71. Suppose -t = -4*g - 20. Suppose -676 = -18*i + g*i. What is the greatest common factor of i and 13?
13
Let v be ((36/50)/(27/90))/((-3)/(-120)). Calculate the highest common divisor of 486 and v.
6
Let o(c) = 11822*c**2 - 14*c - 12. Let p be o(2). What is the greatest common factor of p and 16?
16
Let s = -3691 + 4938. Calculate the highest common factor of 145 and s.
29
Let n = -34 - -364. Calculate the greatest common divisor of 10780 and n.
110
Let k(s) be the third derivative of 33/2*s**3 - 1/24*s**4 + 8*s**2 + 0 + 0*s. Let p be k(0). Calculate the greatest common factor of p and 9.
9
Let y = -5647 + 5735. What is the highest common factor of y and 506?
22
Let b be -3 + -10 + 8 - (-8)/1. Let j = 9 - 6. What is the highest common divisor of b and j?
3
Let y be (-5 + 7)*(-23)/(69/(-42)). What is the highest common factor of y and 12474?
14
Let k = 15435 + -9261. Calculate the greatest common divisor of 18 and k.
18
Suppose 25*z - 1660 - 1790 = 0. Suppose -2*o + z = -26. Calculate the highest common divisor of 287 and o.
41
Let a(u) = -60*u**2 + 422*u - 4. Let w be a(7). What is the greatest common divisor of w and 1675?
5
Let q = 15 + -5. Let i = 386 + -285. Let h = i - 21. Calculate the highest common factor of q and h.
10
Let p be (-1)/4*-10*2. Let q be (-2)/((-2)/143) - -2. What is the highest common factor of q and p?
5
Suppose -n + 3*w + 36 = 7, w = -2*n + 72. Calculate the greatest common divisor of 1855 and n.
35
Let c = -3213 + 3951. What is the greatest common factor of 144 and c?
18
Let z(p) = -2*p**3 - 14*p**2 + 65. Let d be z(-6). Let a be -4 + (143 - d - (5 + -2)). Calculate the greatest common factor of 66 and a.
11
Let i = -7879 - -8696. Calculate the greatest common factor of i and 215.
43
Let d(u) = u**3 + 14*u**2 - 84*u - 48. Let n be d(-17). Calculate the greatest common divisor of 19 and n.
19
Let i(h) = h**3 + 4*h**2 - 6. Let y be i(-3). Suppose -2*o = y*o - 555. Let d = o + -76. What is the greatest common divisor of d and 175?
35
Let z = -12875 + 14072. What is the highest common divisor of 819 and z?
63
Let f = -8 + 188. Let d be 24208/168 - ((-11096)/798 - (-3 + -11)). What is the greatest common factor of f and d?
36
Suppose 8*u - 64 + 32 = 0. Suppose 2*a + p - 56 = 177, -u*a - 3*p + 465 = 0. What is the greatest common divisor of a and 78?
39
Suppose -m - 5*j = -5*m + 44, 3*j = m - 4. What is the greatest common factor of 68 and m?
4
Suppose 2*c + 4*s + 6 = 0, s = 5*c - 4*s. Let u = c + 97. Suppose -7*h + u = -h. Calculate the highest common factor of h and 2.
2
Suppose 0 = -17*t - 31*t + 282240. What is the greatest common factor of t and 98?
98
Let n(g) = -5*g + 33. Let v be n(6). Suppose v*t = s - 6*s - 251, 4*s + 250 = -3*t. Let r = -73 - t. Calculate the highest common factor of 3 and r.
3
Suppose -7*w = -86 - 33. Let q = -730 + 968. What is the highest common divisor of w and q?
17
Let n(u) = -u**2 - 56*u + 25. Let m be n(15). Let v be ((-14)/8)/(5/m). Calculate the greatest common divisor of v and 140.
28
Let i(z) = 0 + 35*z - 3 + 4. Let h be i(1). Let v be 600/850 - (-1833)/221. Calculate the greatest common divisor of h and v.
9
Let o(y) = -7*y + 78. Let q be o(-14). Suppose 95*r = 97*r - q. What is the highest common divisor of r and 66?
22
Suppose -781 = -18*b + 2197 + 478. Calculate the greatest common divisor of 120 and b.
24
Suppose 6*n = -3484 + 5302. Calculate the highest common factor of n and 1010.
101
Let z(c) = 58*c + 2143. Let h be z(-36). What is the highest common divisor of h and 7645?
55
Let j = 6887 + -5279. Calculate the highest common factor of j and 168.
24
Let z be (1 - (-10)/(-18))*18/4. Suppose -5*h - 1 = -2*r, r - 2*h - 7 = -z*r. Let y be (r - (-11)/(-5))/(2/35). What is the highest common factor of 112 and y?
14
Let i(t) = -27*t. Let o be i(3). Let j(g) = 44*g - 710. Let q be j(18). Let l = q + o. Calculate the highest common factor of 5 and l.
1
Let q(h) = 15*h**2 + h**3 + 104 - 5*h**2 - 9*h**2. Let m be q(0). Suppose 5*j - m = 4*j. What is the greatest common factor of j and 26?
26
Let y(v) = -6*v + 23. Let w be y(6). Let p(r) = -r**3 - 13*r**2 + r + 7. Let o be p(w). Let b = o - -12. What is the greatest common factor of b and 6?
6
Suppose t = -4*q + 75, 144 - 142 = -q. What is the highest common divisor of 2 and t?
1
Let r(n) = -268*n + 1974. Let d be r(7). What is the greatest common factor of 637 and d?
49
Suppose 6*g - 1261 = -43. Suppose -102 = -5*x + g. Suppose 5*a + p - x = 0, -a + 1 = 2*p - 13. Calculate the greatest common divisor of 156 and a.
12
Let n = 967 + -736. Calculate the greatest common factor of n and 42.
21
Let a be (-1)/(((-20)/16)/5). Let f be 0/((a - 9)/5) + 27. What is the greatest common factor of 3 and f?
3
Suppose -66*o + 2212 - 1580 = -5110. What is the greatest common divisor of o and 61161?
87
Let a = 555 + -865. Let u = a - -330. What is the greatest common factor of 28 and u?
4
Let c(n) = 667*n**3 - 18*n + 35. Let m be c(2). What is the highest common factor of m and 55?
55
Let u = -28675 - -55077. Calculate the greatest common factor of u and 258.
86
Let n be (2/(-3))/(16/(-192)). Let q be ((-2)/(-6))/(n/72). Suppose -q*b = -6*b + 45. Calculate the greatest common factor of b and 30.
15
Suppose -7*n + 3352 = -218. Suppose -13*p + n = -8*p. Suppose 53 = c - 15. Calculate the greatest common divisor of c and p.
34
Let z(n) = -2*n**3 + 133*n**2 - 202*n + 468. Let v be z(65). What is the greatest common divisor of v and 1469?
13
Suppose -5*i = -20 - 15. Let u be (-2)/i + (-46)/(-14). Suppose -d + u = 5*o, 3*d